 common divisor of 46791 and 108.
27
Calculate the highest common factor of 744 and 3960312.
744
What is the greatest common factor of 82088 and 93?
31
What is the greatest common divisor of 36 and 199476?
36
Calculate the greatest common divisor of 319943 and 39.
13
What is the highest common factor of 23094 and 36?
18
Calculate the greatest common divisor of 20 and 345172.
4
What is the greatest common divisor of 504810 and 395?
395
Calculate the greatest common factor of 4611377 and 58.
29
What is the greatest common factor of 402829 and 49?
49
What is the greatest common divisor of 35500 and 6250?
250
Calculate the highest common factor of 68 and 71420.
4
Calculate the highest common divisor of 2884324 and 366.
122
Calculate the highest common divisor of 3121435 and 265.
265
Calculate the greatest common divisor of 709516 and 4.
4
What is the greatest common factor of 456 and 64353?
57
What is the highest common divisor of 3312 and 533853?
207
What is the highest common divisor of 120 and 76227?
3
What is the greatest common divisor of 92093 and 393?
131
What is the greatest common divisor of 48846 and 168?
42
What is the highest common divisor of 538450 and 5720?
110
Calculate the greatest common divisor of 1757765 and 2853.
317
Calculate the highest common divisor of 817824 and 480.
96
Calculate the highest common factor of 319462 and 22.
22
What is the greatest common divisor of 2001 and 2277?
69
Calculate the greatest common divisor of 530 and 2890.
10
Calculate the highest common factor of 3232 and 1072418.
202
What is the highest common factor of 38 and 1816058?
38
What is the highest common factor of 16455 and 960?
15
What is the highest common divisor of 225 and 63180?
45
Calculate the highest common factor of 17990 and 163195.
1285
Calculate the greatest common factor of 32821 and 69.
23
What is the greatest common divisor of 21360 and 2448?
48
What is the greatest common divisor of 225 and 37545?
15
What is the highest common divisor of 151225 and 263?
263
Calculate the greatest common factor of 558 and 9189.
9
What is the greatest common factor of 480 and 26520?
120
Calculate the highest common divisor of 10 and 2178.
2
Calculate the greatest common factor of 4407 and 17589.
39
What is the greatest common factor of 27678 and 2814?
42
Calculate the greatest common factor of 460 and 676315.
115
What is the greatest common factor of 7620 and 204978?
762
What is the greatest common factor of 20 and 18305?
5
Calculate the highest common factor of 190 and 81930.
10
Calculate the greatest common divisor of 208853 and 1533.
73
What is the greatest common factor of 26089 and 49?
7
Calculate the greatest common divisor of 4692 and 82.
2
Calculate the greatest common divisor of 245 and 29918.
7
What is the greatest common factor of 65191 and 4221?
469
Calculate the greatest common factor of 2523 and 39.
3
What is the greatest common divisor of 72 and 17016?
24
Calculate the highest common divisor of 1198 and 532511.
599
What is the highest common divisor of 1428 and 21063?
357
What is the greatest common factor of 295659 and 84?
21
What is the highest common factor of 25414 and 9894?
194
What is the highest common divisor of 208010 and 124?
62
Calculate the highest common divisor of 572 and 1833.
13
What is the highest common factor of 21 and 211743?
21
Calculate the greatest common divisor of 1083 and 1425.
57
Calculate the highest common factor of 3762 and 1824.
114
What is the greatest common divisor of 727062 and 294?
294
What is the highest common divisor of 35 and 320838?
7
What is the greatest common factor of 752 and 248818?
94
What is the greatest common divisor of 1305 and 299610?
45
Calculate the highest common factor of 329 and 78490.
47
Calculate the highest common factor of 2080 and 6.
2
What is the highest common divisor of 308792 and 232?
232
What is the greatest common factor of 301421 and 787?
787
What is the greatest common divisor of 371756 and 27676?
748
Calculate the greatest common factor of 26037 and 34254.
99
What is the greatest common factor of 477 and 30104?
53
What is the highest common divisor of 325 and 3354?
13
Calculate the highest common divisor of 4389 and 5415.
57
What is the highest common factor of 18 and 400878?
18
Calculate the greatest common factor of 338 and 33969.
169
Calculate the greatest common divisor of 405 and 1213245.
135
What is the highest common divisor of 1513586 and 404?
202
What is the greatest common divisor of 91 and 66976?
91
What is the highest common divisor of 1027 and 7300943?
1027
Calculate the greatest common divisor of 3872328 and 102.
102
Calculate the highest common factor of 1104 and 424304.
368
What is the greatest common factor of 3649740 and 236?
236
Calculate the highest common divisor of 938 and 9926.
14
Calculate the greatest common divisor of 252889 and 819.
91
Calculate the highest common divisor of 59985 and 15345.
1395
What is the highest common divisor of 287357 and 63?
7
What is the highest common divisor of 2242344 and 144?
24
What is the highest common factor of 19240 and 325?
65
Calculate the highest common factor of 413 and 3009.
59
Calculate the highest common divisor of 775 and 1120.
5
Calculate the highest common factor of 21765 and 227807.
1451
What is the greatest common divisor of 303277 and 82?
41
Calculate the highest common factor of 100 and 3020.
20
What is the highest common divisor of 620473 and 411?
137
What is the highest common divisor of 24753 and 888?
111
What is the highest common divisor of 516120 and 408?
408
What is the highest common divisor of 4173 and 12840?
321
Calculate the highest common factor of 41551 and 562623.
1123
Calculate the greatest common factor of 5092 and 986575.
1273
Calculate the greatest common factor of 28500 and 171.
57
What is the highest common factor of 96 and 74656?
32
What is the greatest common factor of 94 and 3332206?
94
Calculate the highest common divisor of 352248 and 936.
312
What is the greatest common divisor of 8080 and 495304?
808
Calculate the greatest common divisor of 105 and 21274785.
105
What is the greatest common divisor of 263809 and 273?
91
What is the greatest common factor of 1966327 and 88?
11
What is the highest common factor of 231 and 220479?
21
Calculate the greatest common divisor of 53654 and 6562.
386
What is the highest common factor of 3294 and 251747?
61
Calculate the greatest common factor of 97 and 199432.
97
Calculate the greatest common factor of 213 and 1313358.
213
Calculate the highest common factor of 44 and 83534.
22
Calculate the highest common divisor of 468723 and 3.
3
Calculate the greatest common factor of 1170636 and 24.
12
What is the greatest common divisor of 6669526 and 3327?
1109
Calculate the highest common divisor of 2096060 and 20.
20
Calculate the highest common factor of 57855 and 285.
285
Calculate the greatest common factor of 228 and 54606.
114
What is the highest common divisor of 14873 and 5564?
107
What is the greatest common divisor of 7236 and 23868?
108
What is the highest common divisor of 217314 and 18?
18
Calculate the highest common factor of 19364 and 470.
94
What is the highest common factor of 2172 and 3372?
12
What is the highest common divisor of 491 and 10789234?
491
Calculate the greatest common factor of 578 and 8126969.
289
Calculate the highest common divisor of 28 and 1328852.
28
Calculate the greatest common divisor of 2786 and 1456.
14
Calculate the greatest common factor of 1059910 and 1328.
166
What is the highest common factor of 32645 and 16?
1
Calculate the greatest common factor of 980 and 6310.
10
Calculate the greatest common factor of 2112 and 5786880.
2112
What is the highest common factor of 4385932 and 68?
68
Calculate the greatest common factor of 1179228 and 60.
12
What is the highest common divisor of 1200975 and 4302?
717
Calculate the highest common factor of 2106 and 494.
26
Calculate the greatest common factor of 5336 and 8740.
92
Calculate the greatest common factor of 1302 and 7959.
21
Calculate the greatest common factor of 324 and 71844.
12
Calculate the greatest common divisor of 134850 and 60.
30
What is the highest common divisor of 3016 and 7644?
52
Calculate the highest common factor of 4594